test common factor of 88 and u.
22
Let d = -5 - -60. Suppose 3*f - 1803 = -3*w, 5*f - 1066 - 1975 = 4*w. What is the greatest common divisor of d and f?
55
Let p be ((-56)/24 + 6)*6. Suppose -3*g - 5 = -2*n, 2*n - 7 = -p*g + 23*g. What is the highest common divisor of 68 and n?
4
Let u(g) = 2*g**2 - 7*g - 46. Let a be u(7). Suppose 809 - 221 = a*n. What is the greatest common divisor of 49 and n?
49
Suppose -3*p + 2*q = -231 + 123, -4*q = 24. Calculate the highest common factor of 880 and p.
16
Suppose 0 = -0*y - 3*y - 6, 3*y + 39 = -3*w. Let m be (2*-5)/((-13)/65). Let o = m + w. What is the greatest common divisor of 39 and o?
39
Suppose 16119*g - 408430 = 16040*g. Calculate the highest common divisor of g and 220.
110
Let r = -33 - -75. Let o be 210/((-12)/(-16) + 0). Suppose 0 = -114*b + 104*b + o. Calculate the highest common divisor of b and r.
14
Suppose 30*k - 9*k + 7266 = 0. Let n = 425 + k. What is the highest common divisor of 79 and n?
79
Let w(r) = 34*r**2 + 70*r - 566. Let j be w(8). What is the highest common factor of j and 112?
14
Suppose -5*s + 691 + 109 = 0. Let g be 3/(1 + 309/60 + -6). What is the highest common divisor of g and s?
20
Let j be ((-1)/4)/((-6)/96). Suppose -5*q + j*r + 81 = -27, 0 = -5*q - r + 98. What is the highest common divisor of q and 44?
4
Let g = 12101 + -11109. Let x be (8 + -4)*(-31)/(-4). Calculate the highest common divisor of g and x.
31
Suppose 0 = -2*i - 4, -4*i + i - 12 = -p. Let b be (p/18)/(1/87). Calculate the greatest common factor of b and 841.
29
Let q(j) = 100*j + 106. Let p be q(-1). Suppose -d = 3*b - 1145 - 132, -2*b = -5*d - 857. What is the greatest common factor of p and b?
6
Suppose -27*q - 27564 = -28806. Calculate the greatest common divisor of q and 22402.
46
Let c = -322 + 412. Suppose -99*l = -c*l - 6768. Calculate the highest common factor of 16 and l.
16
Suppose 4*v + v = -500. Let q = v + 199. Let j = -33 + q. What is the highest common divisor of 11 and j?
11
Let n = 16 - -116. Let z = n - 127. Suppose -64 - 14 = -f + g, 90 = f - z*g. Calculate the greatest common divisor of 60 and f.
15
Let g = 230 - 578. Let b = 376 + g. Calculate the highest common factor of 8 and b.
4
Let l be 2/4 - ((-5204)/8 + -3). Suppose l - 2103 = -7*g. What is the highest common factor of g and 9?
9
Let u be (0 - 1) + (-4 - -7) + 1. Suppose -4*s = 2*b - 798, 2*b = 1 - u. What is the greatest common factor of s and 25?
25
Suppose -4*q = 3*p - q - 624, -3 = 3*q. Let n(a) = 148*a + 4928. Let t be n(-33). Calculate the highest common divisor of t and p.
11
Let f(j) = 27*j**2 + 376*j + 113. Let a be f(-19). Calculate the highest common factor of a and 84.
28
Let s(f) = 3*f**3 - 5*f**2 + 11*f - 1. Let x be s(5). Let r = 139 - x. Let q = r - -325. Calculate the highest common divisor of q and 20.
20
Suppose 0 = -10*z + 5684 + 15556. Let c be z/21 - (-4)/(-28). Let q = c + -49. Calculate the highest common factor of 78 and q.
26
Let z be 17174/496 - 9/(-24). Let v = 487 + -242. What is the highest common divisor of z and v?
35
Let w = 279073 + -278956. Let t = -4 - -7. Calculate the greatest common divisor of w and t.
3
Let c be (-6)/(-24)*8*(-6)/(-4). Suppose -3*w - c = -12. Let l be 19/7 - (-8)/28. What is the greatest common divisor of w and l?
3
Let h = -76 + 556. Let u = -42 - -72. What is the highest common divisor of u and h?
30
Suppose 369613 = 14*s + 78388 - 136839. Calculate the highest common divisor of 91 and s.
91
Let c(y) = -23*y - 47. Let x be c(-14). Let f = -2612 + 2722. Calculate the highest common divisor of x and f.
55
Suppose -138*x = -139*x - j + 358, -2*x + 4*j = -698. Calculate the highest common divisor of 1846 and x.
71
Suppose 19*u + 2*y = 18*u + 304, 0 = u - 4*y - 304. Calculate the highest common factor of 247 and u.
19
Let h = -267 - -387. Suppose 5*l = -0*l + h. Suppose 0 = -51*f + 47*f + l. What is the highest common factor of f and 66?
6
Let t(u) = 19*u - 51. Let z be t(-7). Let y = z - -204. Calculate the greatest common divisor of y and 6.
2
Let p be (13/(-65))/(2/(-90)). Let l be 1047/9 + (-3)/p. What is the highest common factor of 638 and l?
58
Suppose 707 = 61*g - 513. Calculate the highest common divisor of 130 and g.
10
Suppose 2*d - 39 = -4*m - 7, -8 = -4*d. Suppose -m*o + 383 = -163. Calculate the highest common divisor of 273 and o.
39
Let t = -14869 - -25321. What is the highest common factor of t and 72?
12
Let x = 4405 - 4150. Calculate the greatest common divisor of 2397 and x.
51
Let d = 612 + -625. Let l be 88 + (d + 1)/(-4). Calculate the greatest common divisor of 273 and l.
91
Suppose 6*k = 9*k - 138. Let q be 1/((27 - 24) + (-15)/6). What is the greatest common factor of k and q?
2
Let f be (36 + (-2 - -2))*(5 + 91/(-21)). What is the highest common divisor of f and 1240?
8
Suppose -4*a + 513 = -4*y - 87, 4*y + 296 = 2*a. What is the highest common divisor of a and 64?
8
Let g = 47 + -42. Suppose 3 = -p + 4, 7 = g*l - 3*p. What is the highest common divisor of l and 26?
2
Let j be 535804/930 - 4/30. What is the greatest common divisor of 112 and j?
16
Suppose 160*x = 156*x + 656. What is the greatest common factor of x and 1599?
41
Suppose 9*k - 5*h = 4*k + 60, 0 = -4*k + 5*h + 52. Suppose -2*g - k = -4, -2*g = 3*a - 5. Calculate the highest common factor of 3 and a.
3
Suppose n = 5*n - 24. Let o(z) = -z**2 + 3*z + 112. Let w be o(11). What is the greatest common divisor of w and n?
6
Let r(k) be the first derivative of k**3/3 - 7*k**2 - 75*k + 139. Let o be r(-6). What is the highest common factor of o and 63?
9
Let p be 414*((-65)/(-104))/((-40)/(-32)). What is the greatest common divisor of 11247 and p?
69
Let w = -170 - -183. Suppose 0 = -5*p - w + 748. What is the highest common factor of 21 and p?
21
Let n be (10/(-8))/(6/(-1056))*(-116)/(-16). What is the highest common divisor of 29 and n?
29
Let f(r) = r**3 + 4*r**2 + 27*r + 200. Let p be f(-5). What is the highest common factor of 8 and p?
8
Let o(c) = 2*c**2 + 13*c. Let l be o(-17). Let d be 5*2 + 125 + -101. Calculate the highest common factor of d and l.
17
Let g(s) = -30*s**3 + 3*s - 2*s + 2 + 10*s**3. Let j be g(-1). Let f be 1/(-1) + j - 3. What is the highest common divisor of f and 51?
17
Let d = 87 - 53. Suppose 4*l = 3*a + 426 + 62, -5*l - 3*a + 583 = 0. What is the greatest common factor of d and l?
17
Suppose -86*p - 1160 = -94*p. What is the highest common divisor of 145 and p?
145
Let j(f) = f**2 + 7*f + 18. Let q be j(-10). Let c(p) = 58*p + 1914. Let o be c(-25). What is the greatest common factor of q and o?
16
Suppose 7*g + x + 747 = 9*g, x = -2*g + 741. Let l be (-1)/(-10)*-4 + (-124)/(-10). What is the highest common factor of g and l?
12
Suppose 0 = 13*m + 3*m - 144. Suppose -4 = m*n - 94. What is the highest common factor of 80 and n?
10
Let r = 165 + -144. Let q be (3/r)/(9/441). What is the highest common divisor of 63 and q?
7
Let c = 422 - -1642. Suppose c = -9*x + 33*x. What is the greatest common divisor of 301 and x?
43
Let s(l) = 2*l**3 + l**2 - 2*l + 1. Let d = 577 + -576. Let k be s(d). What is the highest common divisor of k and 6?
2
Let w = 125830 + -179600. Let o be w/(-105) - (-4)/(-42). Calculate the highest common factor of 32 and o.
32
Let t = -101 + 101. Suppose t*c + 2*z - 585 = -3*c, 5*z + 585 = 3*c. Calculate the highest common factor of 26 and c.
13
Suppose 0 = 3*o - 32 - 67. Suppose 5*d + 1025 = 6*u, 41*d + 632 = 4*u + 45*d. What is the highest common divisor of u and o?
33
Suppose -4*o + 4*l = -2*o + 12, 3*l - 20 = -4*o. Let g be 0/(1 + o) - 2. Let s be g - 54/6*2/(-6). Calculate the greatest common divisor of s and 7.
1
Suppose 22*d + 63 = -2*d + 423. What is the highest common divisor of 11145 and d?
15
Suppose 3*u + 380 + 1970 = 2*p, p = 3*u + 1181. Calculate the greatest common divisor of 3173 and p.
167
Suppose -2*h + 5*w = 3*h - 1785, 0 = -3*h - 4*w + 1092. Suppose -3268*z = -3266*z + 3*c - 111, -5*c = -35. What is the highest common factor of z and h?
45
Let o be ((-2)/5)/((-1)/5). Suppose 3*m + u + 24 = 0, 2*m - 4*u + 18 = 2. Let g be 1*4*(-68)/m. Calculate the greatest common divisor of g and o.
2
Suppose 0 = -47*m + 33664 - 435. Calculate the highest common divisor of m and 303.
101
Let c = 4909 - 4816. What is the greatest comm